se 9, what is 4 + -241?
-236
In base 9, what is -3 - 2836?
-2840
In base 13, what is -35 + 3?
-32
In base 11, what is -1093 - 2?
-1095
In base 10, what is -2 - 296?
-298
In base 11, what is -274 + -5?
-279
In base 4, what is 1210 + 23?
1233
In base 4, what is 2122 - 11?
2111
In base 10, what is 288 - 10?
278
In base 4, what is 2222 + -1?
2221
In base 14, what is -209 + 24?
-1c5
In base 4, what is 12 + 30023?
30101
In base 12, what is 2 + -7?
-5
In base 7, what is 5 - 15?
-10
In base 8, what is -4 + -1671?
-1675
In base 16, what is -1f1 + -b?
-1fc
In base 2, what is 111011 + 1101?
1001000
In base 7, what is -31 + -31?
-62
In base 11, what is 93 - -115?
1a8
In base 6, what is 105520 + -1?
105515
In base 6, what is 1 + -41?
-40
In base 15, what is 4 + -b9?
-b5
In base 10, what is -1282 - 1?
-1283
In base 7, what is -2 - 25?
-30
In base 7, what is -2104 - 6?
-2113
In base 4, what is -122 - 1?
-123
In base 10, what is 34 - -67?
101
In base 5, what is 0 + -103?
-103
In base 4, what is -2132 - -13?
-2113
In base 10, what is 1 - -17?
18
In base 2, what is -100 + -110010010?
-110010110
In base 6, what is 1 + -4421?
-4420
In base 10, what is 7758 - -3?
7761
In base 7, what is -435 + -26?
-464
In base 14, what is 9c + -6?
96
In base 2, what is 111001011110 + 100?
111001100010
In base 13, what is -99a8 - -3?
-99a5
In base 14, what is -3 - -a8?
a5
In base 8, what is -201 - -11?
-170
In base 11, what is -5 - a7?
-101
In base 5, what is -1 + -21010?
-21011
In base 11, what is -66 + -5?
-70
In base 15, what is -2 - -2e?
2c
In base 4, what is -11 + -1033?
-1110
In base 8, what is -4 - -70?
64
In base 13, what is 5c - -5?
64
In base 11, what is 2061 + -1?
2060
In base 16, what is 5 - -69?
6e
In base 13, what is -4 - -1813?
180c
In base 16, what is 166 - 5?
161
In base 8, what is -6 + 210?
202
In base 9, what is 37840 - -2?
37842
In base 14, what is 39 + -8?
31
In base 7, what is 1 + 205?
206
In base 2, what is -100000110 - 101?
-100001011
In base 13, what is 78 - 5?
73
In base 5, what is -10 + -134212?
-134222
In base 12, what is 36 - -2?
38
In base 11, what is 134 - -58?
191
In base 7, what is 441 + 23?
464
In base 14, what is 53 + 2?
55
In base 11, what is 7 - -28?
34
In base 4, what is 0 - -312?
312
In base 7, what is -52 - -13?
-36
In base 13, what is 5 - a18?
-a13
In base 10, what is -1 - 568?
-569
In base 13, what is 9 + -16?
-a
In base 7, what is -552 - 10?
-562
In base 12, what is -65b2 - -2?
-65b0
In base 9, what is -1 + 1245?
1244
In base 4, what is -2201 + 13?
-2122
In base 14, what is 32 - 22?
10
In base 9, what is 3408 + 0?
3408
In base 4, what is 12 + -110132?
-110120
In base 14, what is 288 + 2?
28a
In base 14, what is 24 + 3?
27
In base 14, what is -6 - -5?
-1
In base 11, what is a4 - 126?
-32
In base 8, what is -3 - -531?
526
In base 14, what is 261 - 3?
25c
In base 16, what is 25af + -2?
25ad
In base 2, what is 1111100001 + 101?
1111100110
In base 16, what is a7 - -12?
b9
In base 11, what is -2 + 73?
71
In base 5, what is 10 - 11?
-1
In base 6, what is -5500 - -4?
-5452
In base 10, what is -6 + 2506?
2500
In base 6, what is 31445 - 4?
31441
In base 14, what is 4b - -165?
1b2
In base 3, what is -11101 - -21?
-11010
In base 14, what is 759 + 3?
75c
In base 6, what is 1 - 450?
-445
In base 11, what is 1205 - -9?
1213
In base 15, what is e6 - -9?
100
In base 6, what is 12 - 5?
3
In base 4, what is -22333 + 3?
-22330
In base 6, what is -5 - 205?
-214
In base 10, what is -10 - -1930?
1920
In base 5, what is 1 - 20011?
-20010
In base 11, what is 9010 - 4?
9007
In base 15, what is 0 - 10?
-10
In base 15, what is -a - 94?
-9e
In base 11, what is -253 + 0?
-253
In base 4, what is 12 - 12?
0
In base 14, what is 3 - 7d?
-7a
In base 3, what is -111100 - -20?
-111010
In base 9, what is 0 - 65?
-65
In base 5, what is 10 + -134?
-124
In base 7, what is 20 - -10?
30
In base 4, what is -112 - 1?
-113
In base 7, what is -435 - 26?
-464
In base 3, what is -10 - -10020202?
10020122
In base 10, what is -7067 + 1?
-7066
In base 10, what is -26 - 3?
-29
In base 3, what is -22120210 + 1?
-22120202
In base 12, what is -a - -9b9?
9ab
In base 16, what is 1e9 + -5?
1e4
In base 9, what is -3004 + -5?
-3010
In base 16, what is 1 - -3?
4
In base 9, what is 287 - 1?
286
In base 14, what is -983 - 1?
-984
In base 10, what is 2 + 171?
173
In base 8, what is 5254 + -5?
5247
In base 3, what is -212210 + 2?
-212201
In base 12, what is -3 - -65?
62
In base 7, what is -4 + -236?
-243
In base 16, what is -e + 58?
4a
In base 12, what is 8b0 - 3?
8a9
In base 4, what is 2122 + -13?
2103
In base 16, what is 0 + 33?
33
In base 14, what is -b8 + -4?
-bc
In base 7, what is 116 - 34?
52
In base 12, what is 385 + 2?
387
In base 11, what is 7 - -1?
8
In base 15, what is 4 - -29?
2d
In base 7, what is 0 + 6034?
6034
In base 13, what is -5254 + -4?
-5258
In base 4, what is -30 + 11?
-13
In base 6, what is 1 - -1025?
1030
In base 10, what is -5 - 0?
-5
In base 14, what is -4 + 46?
42
In base 12, what is a3 + -1?
a2
In base 5, what is 10 + 23?
33
In base 2, what is 11 + 100111011011?
100111011110
In base 7, what is -554 - 5?
-562
In base 9, what is 26 - 30?
-3
In base 7, what is 4 - 23?
-16
In base 10, what is 414 + -1?
413
In base 8, what is 1457 + -2?
1455
In base 8, what is -3 + 1122?
1117
In base 12, what is 0 + -51?
-51
In base 14, what is -5 - -77?
72
In base 6, what is -1421 - 4?
-1425
In base 10, what is -5 + 139?
134
In base 3, what is -121000 - 1?
-121001
In base 16, what is 2 - 36d?
-36b
In base 14, what is 24 + 67?
8b
In base 7, what is -33 - -134?
101
In base 9, what is 7 + -28?
-21
In base 5, what is -112100 + 10?
-112040
In base 8, what is -547 + -5?
-554
In base 13, what is 1a + -2b?
-11
In base 2, what is -100011110 + 100?
-100011010
In base 4, what is -10 - 112?
-122
In base 4, what is -10 + -2220?
-2230
In base 7, what is -253402 + -1?
-253403
In base 15, what is -3e - -aa?
6b
In base 3, what is 121110 + -20?
121020
In base 10, what is 1682 + 2?
1684
In base 14, what is 4c + -1?
4b
In base 10, what is 103 - -16?
119
In base 4, what is 11 + -1331?
-1320
In base 9, what is -3 - -130?
126
In base 4, what is -10 - 312121?
-312131
In base 16, what is -e9 + -7?
-f0
In base 9, what is -17 + 4?
-13
In base 6, what is 115 + -13?
102
In base 2, what is 11100110001111 + 0?
11100110001111
In base 9, what is -358 - 4?
-363
In base 16, what is -51 + -5?
-56
In base 7, what is 3026 - 2?
3024
In base 3, what is -2 - -1000122?
1000120
In base 15, what is -c0 + c?
-b3
In base 12, what is -1144 - -3?
-1141
In base 11, what is -2941 + 5?
-2937
In base 6, what is -5 - 105324?
-105333
In base 8, what is 12 - -14?
26
In base 6, what is 332 + -5?
323
In base 12, what is -56a - 5?
-573
In base 14, what is -25d - -2?
-25b
In base 13, what is -14 - a?
-21
In base 5, what is 2 - -23240?
23242
In base 2, what is -10111100 + -101011?
-11100111
In base 9, what is 180 - 1?
178
In base 11, what is -1405 - -5?
-1400
In base 11, what is -157 - 2?
-159
In base 15, what is -33 - -16?
-1c
In base 6, what is -303320 - -4?
-303312
In base 13, what is 175 + 4?
179
In base 12, what is -63 - 2?
-65
In base 15, what is 3 - 50a?
-507
In base 8, what is -1075 + 1?
-1074
In base 2, what is 0 + 11001011000?
11001011000
In base 5, what is 43 - 1014?
-421
In base 7, what is -5 + 4011?
4003
In base 6, what is -24 + 15?
-5
In base 11, what is 1033 + 2?
1035
In base 2, what is -10 - -11010101?
11010011
In base 4, what is 11 - 130?
-113
In base 13, what is -3a7 - 3?
-3aa
In base 10, what is 16 + -49?
-33
In base 7, what is 660 - -5?
665
In base 2, what is -1010001101 - -100?
-1010001001
In base 10, what is 1 - -243?
244
In base 2, what is 101 - 10101100?
-10100111
In base 11, what is -2a1 + 0?
-2a1
In base 5, what is -122 - 104?
-231
In base 14, what is -5 + -1bc?
-1c3
In base 15, what is -3 - 1533?
-1536
In base 12, what is 18 + -56?
-3a
In base 13, what is 69a + -1?
699
In base 12, what is 218 - 1?
217
In base 3, what is -22 + -2010?
-2102
In base 15, what is 5c + -45?
17
In base 7, what is -15 - 31?
-46
In base 15, what is -d - -1e?
11
In base 10, what is 5 - -52?
57
In base 4, what is -3 - 1232?
-1301
In base 6, what is 3 - 10433?
-10430
In base 6, what is 2 + -5020?
-5014
In base 7, what is 5 + -11?
-3
In base 9, what is 